((-21)/9)/(2/6). Let t(y) = -y**3 - 7*y**2 - y + 6. Let a be t(g). Suppose -a = -l + 3*b, 2*b = -l - l + 10. Is l a composite number?
False
Let u be (8/(-5))/(2/(-10)). Let h be 6/u - (-10557)/36. Suppose -5*k + h = d, -77 - 163 = -4*k + 4*d. Is k prime?
True
Suppose 0 = -4*j + 16, 2*i + 2*i + j - 32 = 0. Let o(y) = 2*y**2 - 4*y - 5. Is o(i) prime?
False
Suppose -4*n = -n. Suppose -z - z + 106 = n. Suppose 0 = l + 18 - z. Is l a composite number?
True
Suppose -14472 + 581 = -5*c - t, 4*t = -4*c + 11100. Is c composite?
True
Let q(l) = l**3 - 5*l**2 - l + 7. Let s = 3 + 2. Let z be q(s). Suppose z*a = 6*a - 452. Is a a prime number?
True
Let n(i) = 82*i - 31. Is n(5) prime?
True
Let n = 1749 - 884. Is n a prime number?
False
Suppose 0 = 2*h + 2*h - 388. Is h composite?
False
Let q = 8074 + -4621. Is q prime?
False
Let g(b) = b**3 + 9*b**2 - 7*b - 7. Is g(-8) composite?
False
Let m(w) = -w**3 - w**2 + 1. Let h(f) = 2*f - 3. Let p be h(2). Let j(c) = -7*c**3 - 8*c**2 + c + 7. Let g(x) = p*j(x) - 4*m(x). Is g(-4) a prime number?
True
Suppose r + r = 586. Is r a composite number?
False
Let g(v) = -6*v**3 - 1. Let t be g(-1). Suppose 5*l + 360 = 5*x, x + t*l = -9 + 93. Is x a prime number?
False
Let t = -218 - -367. Is t composite?
False
Let l(h) = 4862*h**2 - 5*h + 4. Is l(1) a composite number?
False
Let i = 231 - 60. Suppose -4*h + 3*s = -388, 2*h + 3*s - 5*s - 194 = 0. Suppose 0 = -5*n + 3*l + i, -2*n + l = -5*n + h. Is n composite?
True
Suppose 2631 = -4*b + 7*b. Is b composite?
False
Let b(o) = 47 + 20*o + 0 + 6*o. Let q(t) = 9*t + 16. Let n(f) = 6*b(f) - 17*q(f). Is n(7) composite?
False
Suppose -4*x + 14 = x + 3*z, 3*x - 2*z - 16 = 0. Suppose -3*b = -x*b - 4*m + 31, 0 = 3*b + m - 71. Is b composite?
False
Suppose -6 = -2*v - 0*v. Let s be 44/v*(-9)/(-6). Suppose 23 + s = 3*n. Is n prime?
False
Suppose p = 3*p - 2, -p - 220 = -o. Is o prime?
False
Let f = -368 + 871. Is f composite?
False
Suppose 6*r - 3*r + 7 = -5*w, -3*r = 4*w + 5. Let n be 8/(2 + (-2 - w)). Let y = n + 17. Is y composite?
True
Let u(f) = -80*f - 1. Is u(-4) a prime number?
False
Suppose 7*l - 8*l + 46 = 0. Is l composite?
True
Let c be (6 - 6)/(-1*2). Suppose -2*r + 41 - 13 = c. Is r a prime number?
False
Let v = -835 - -1214. Is v a prime number?
True
Let w(r) = 98*r + 9. Is w(4) composite?
False
Let q(w) = -11*w**3 + w. Let d be q(1). Let b = -7 + 10. Is 2/b*(-105)/d prime?
True
Let w = 9 - -470. Is w a composite number?
False
Is 1422 + 8/8*(0 - -1) a prime number?
True
Let c(b) = -4*b - 6*b**2 + b**2 + 2*b + 4*b**2. Let h be c(-5). Is (-1940)/h + 1/(-3) a prime number?
False
Is (-16364)/6*33/(-22) composite?
False
Let j = 8 - 6. Let x be 1/(j/84) + 1. Suppose 2*h - x = -4*z - h, -4*z = 5*h - 53. Is z a prime number?
True
Let j(g) = -g**2 - 4*g. Let q be j(-9). Let w(z) = -z - 20. Let s be w(0). Let r = s - q. Is r composite?
True
Suppose 0 = -0*r + 5*r - 620. Let t = -13 + r. Is t a composite number?
True
Let d = 2 + -2. Suppose d*r + 75 = 3*r. Let o = r - 15. Is o composite?
True
Let i(m) = -m - 2. Let f be i(-4). Suppose 2*r - 54 = -f*q, 4*r + 6*q - 113 = 3*q. Suppose -4*n = -r - 152. Is n composite?
True
Suppose 1239 - 59 = 4*p. Is p prime?
False
Let y be (1 + -3)*20/(-1). Let s = 5 + -10. Let j = s + y. Is j a composite number?
True
Suppose 175 = 3*y - 35. Let r = 21 - 15. Is (1 + (-3)/r)*y a composite number?
True
Suppose 0 = -4*i - 4, 4*m + 0*i - 2*i - 14 = 0. Suppose n = -2*n + m. Is n + 1 - (-90 - -1) prime?
False
Is 557 - (12/54 + (-2)/9) a prime number?
True
Let j(b) = b**2 - 7*b + 8. Let t be j(6). Suppose -5*g - 3*f - 77 + 996 = 0, 0 = g - t*f - 189. Is g composite?
True
Suppose -3*p + 8*p - 4*b = -60, 4*p + 37 = b. Let c = p - -6. Is (71/(-2) - -1)*c composite?
True
Suppose -2*l - 6 = -l. Let n(u) = -u**3 - 5*u**2 - 6*u - 3. Is n(l) a prime number?
False
Let q = -2 + 1. Let m be (-2*38/4)/q. Let g = m + 16. Is g prime?
False
Suppose -4*w = -2*r + 486, -15 - 5 = 5*w. Is r prime?
False
Let i = 21 - -8. Let f(m) = m + 2. Let p be f(-6). Let b = i - p. Is b a prime number?
False
Suppose -5*r + 2*r + 18 = 0. Let j = r - 8. Let d(h) = -3*h**3 + 2*h**2 + h + 1. Is d(j) a composite number?
False
Let s(g) = 8*g**2 + 9*g - 9. Let l be s(-7). Suppose 0 = -5*c - 3*d + l, -3*c + 2*d = -2*d - 221. Suppose 0 = -n - 0*n + c. Is n prime?
True
Let f(h) = -125*h + 4. Let b be f(3). Let m be (-6 + 0)/(14/b). Suppose z = -2*g + m, -z - 625 = -5*z + 3*g. Is z composite?
False
Let i be (-2)/5 - 22/(-5). Suppose -4*k - 4*c - 151 = -7*k, k - 61 = -i*c. Is k composite?
False
Is (-3)/(2 + (-771)/381) prime?
True
Let q be (-3)/(3 - (-189)/(-60)). Suppose 5*t + 0 - q = 0. Suppose -3*o - w - w = -455, -588 = -t*o + 2*w. Is o composite?
False
Let i = 72 + -48. Let v = i + -13. Is v a prime number?
True
Let h be ((-2)/3)/(18/(-11259)). Let l = h - 206. Is l a prime number?
True
Is 11/(0 + 1) - -3 a composite number?
True
Let r = -9 - -19. Let h be (-2 - (-70)/(-8))/(3/(-12)). Let z = h + r. Is z a composite number?
False
Suppose 5*s = 4*k - 1508, -5*k + 3*s - 2*s + 1885 = 0. Is k composite?
True
Let i(w) be the second derivative of w**5/20 + 7*w**4/12 - w**3/6 - 3*w**2 - w. Let m be i(-7). Is m/(0 + (-3)/(-63)) prime?
False
Suppose -4*k - d + 14 = -19, 2*d = -4*k + 34. Is (138/k)/(3/12) a prime number?
False
Let h = -91 - -345. Is h a prime number?
False
Let j(h) be the first derivative of -h**4/4 - 11*h**3/3 - 6*h**2 - 12*h - 4. Let a be j(-10). Let g(m) = 63*m - 5. Is g(a) composite?
False
Let u = 225 - -46. Let g = u - 132. Is g prime?
True
Let o = 770 + -447. Is o a prime number?
False
Let l(m) = -2*m - 1. Let j be l(-2). Let s(h) = 12*h. Let n be s(5). Suppose 4*w = -4*o + n, -5*w - 26 = -j*o + 3. Is o prime?
True
Let c be (-2)/(-5) + (-16)/(-10). Suppose q + 3 = -h - 1, -5*h = c*q + 14. Let v(k) = -3*k**3 - 2*k**2 + k + 1. Is v(q) prime?
False
Let h(r) = -r**3 - 4*r**2 + 6*r - 5. Suppose k = -0 - 3, 21 = 5*g + 3*k. Suppose 3*n - 2*n = -g. Is h(n) composite?
False
Let h(g) be the second derivative of 4*g**3 - g**2 + 4*g. Is h(2) a prime number?
False
Is ((-15)/6)/(3/(-1578)) a composite number?
True
Let h = 0 + 35. Suppose 2*f - h - 63 = 0. Is f a composite number?
True
Let h(c) = 6*c - 1. Let t = 3 + -5. Let r(i) = 6*i - 1. Let k(q) = t*r(q) + 3*h(q). Is k(10) a prime number?
True
Suppose -2*y - 2673 - 6478 = -5*d, d + 4*y - 1839 = 0. Let n = -1178 + d. Is n composite?
False
Suppose -3*s = 5*p - 26, -4*p + 7 = -5*s + 1. Suppose -132 = -2*o - s*o. Is o composite?
True
Let x(a) be the first derivative of -a**3/3 - 5*a**2 - 2*a + 4. Is x(-7) a prime number?
True
Suppose 5*t + q = -55 + 273, -3*q + 138 = 3*t. Let l = t - -60. Is l a prime number?
True
Let p(h) = h**2 - 10. Let v be p(-7). Is 2/((-18)/v)*-6 composite?
True
Suppose 0 = q - 2*a - 697, q + 705 = 2*q + 2*a. Is q composite?
False
Let i(t) be the third derivative of 37*t**6/60 - t**5/20 + t**4/12 + t**3/3 + 2*t**2. Let w be i(2). Suppose -2*f = -0*f - w. Is f a composite number?
False
Suppose -p = 4*p. Suppose -y + 4*y - 573 = p. Is y composite?
False
Let v(h) be the second derivative of h**4/6 + h**3/6 - h**2 + h. Is v(3) a composite number?
False
Let g(i) = 2*i - 7. Let z be g(5). Is (9 - 12)*(-331)/z a composite number?
False
Let m be 1 - (1 - -1) - -1. Let s(x) = m + 4*x + 3 - 1. Is s(3) prime?
False
Let v(n) = n**3 - 10*n**2 - n + 14. Let i be v(10). Suppose i*s + 6 = 106. Is s composite?
True
Let i = 32 + 6. Suppose 3*u + 62 = 2*r, 4*r - i = 2*u + 94. Is r a prime number?
False
Is (-5 - -23) + (0 - -1) a composite number?
False
Let z = 7 + -10. Is z/(-15) + 194/5 a prime number?
False
Suppose 3*r = 4*r. Let d = -7 - r. Let m = d + 56. Is m composite?
True
Suppose 0 = -5*u + 2*u. Let c = u - -4. Is 2*((-14)/c)/(-1) a composite number?
False
Suppose -3*d + d + 6 = 0. Is d a composite number?
False
Let y = 8 + -6. Suppose x - 12 = -y. Let b(q) = 23*q + 5. Is b(x) a prime number?
False
Let r(k) = k**3 - 10*k**2 - 5. Let u be r(10). Let a = -1 - u. Suppose -2*d = 4*p - 160, -p - p - a*d = -86. Is p a prime number?
False
Suppose 2*k + 6 = -k. Is k/3 + 717/9 a prime number?
True
Suppose -r - 2*r - 3*i = -12489, -2*r + 3*i = -8321. Is r a composite number?
True
Let n(h) = -35*h - 3. Let x(s) = -s**2 - 8*s + 7. Let r be x(-9